{"id":74,"date":"2016-07-21T15:38:45","date_gmt":"2016-07-21T15:38:45","guid":{"rendered":"http:\/\/demo.hashthemes.com\/total\/?page_id=74"},"modified":"2020-12-05T01:45:34","modified_gmt":"2020-12-04T22:45:34","slug":"vision","status":"publish","type":"page","link":"https:\/\/corporex.ar\/index.php\/vision\/","title":{"rendered":"Visi\u00f3n, Misi\u00f3n y Valores"},"content":{"rendered":"<h3>Visi\u00f3n<\/h3>\n<p>Ser una empresa l\u00edder en productos y servicios de nicho, altamente especializados en la industria de petr\u00f3leo, gas, energ\u00eda, telecomunicaciones y la industria en general, basados en el trabajo en equipo y la capacitaci\u00f3n constante.<\/p>\n<h3>Misi\u00f3n<\/h3>\n<p>Nuestra misi\u00f3n es ser una herramienta esencial para nuestros clientes al dar productos y servicios diferenciados para la construcci\u00f3n, operaci\u00f3n y mantenimiento de proyectos de infraestructura, industriales y energ\u00e9ticos. Proveer productos y servicios de alivio de tensiones de soldaduras, calefactores industriales, detectores de gas monitoreados y energ\u00eda para sitios remotos para cubrir las necesidades espec\u00edficas de la industria de petr\u00f3leo, gas, energ\u00eda, telecomunicaciones y la industria en general en Argentina, brindando un servicio \u00e1gil, eficiente y de gran calidad.<\/p>\n<h3>Valores<\/h3>\n<p>Seguridad. Compromiso con la seguridad de las personas e instalaciones de nuestros clientes, comunidad y medio ambiente. Nuestra gente. Desarrollo de los recursos humanos y construcci\u00f3n de conocimiento. Confiabilidad. \u00c9nfasis en los procesos y la previsibilidad. Velocidad de respuesta. Adaptabilidad a las necesidades de nuestros clientes. Compliance. Transparencia en la gesti\u00f3n.<\/p>\n","protected":false},"excerpt":{"rendered":"<p>Visi\u00f3n Ser una empresa l\u00edder en productos y servicios de nicho, altamente especializados en la industria de petr\u00f3leo, gas, energ\u00eda, telecomunicaciones y la industria en general, basados en el trabajo en equipo y la capacitaci\u00f3n constante. Misi\u00f3n Nuestra misi\u00f3n es ser una herramienta esencial para nuestros clientes al dar productos y servicios diferenciados para la [&hellip;]<\/p>\n","protected":false},"author":3,"featured_media":0,"parent":0,"menu_order":0,"comment_status":"closed","ping_status":"closed","template":"","meta":{"footnotes":""},"class_list":["post-74","page","type-page","status-publish","hentry"],"_links":{"self":[{"href":"https:\/\/corporex.ar\/index.php\/wp-json\/wp\/v2\/pages\/74","targetHints":{"allow":["GET"]}}],"collection":[{"href":"https:\/\/corporex.ar\/index.php\/wp-json\/wp\/v2\/pages"}],"about":[{"href":"https:\/\/corporex.ar\/index.php\/wp-json\/wp\/v2\/types\/page"}],"author":[{"embeddable":true,"href":"https:\/\/corporex.ar\/index.php\/wp-json\/wp\/v2\/users\/3"}],"replies":[{"embeddable":true,"href":"https:\/\/corporex.ar\/index.php\/wp-json\/wp\/v2\/comments?post=74"}],"version-history":[{"count":8,"href":"https:\/\/corporex.ar\/index.php\/wp-json\/wp\/v2\/pages\/74\/revisions"}],"predecessor-version":[{"id":2157,"href":"https:\/\/corporex.ar\/index.php\/wp-json\/wp\/v2\/pages\/74\/revisions\/2157"}],"wp:attachment":[{"href":"https:\/\/corporex.ar\/index.php\/wp-json\/wp\/v2\/media?parent=74"}],"curies":[{"name":"wp","href":"https:\/\/api.w.org\/{rel}","templated":true}]}}